{"id":7091,"date":"2024-02-01T14:31:13","date_gmt":"2024-02-01T14:31:13","guid":{"rendered":"https:\/\/agoranum.parisnanterre.fr\/?page_id=7091"},"modified":"2024-02-01T14:32:03","modified_gmt":"2024-02-01T14:32:03","slug":"formations-numeriques-partenaires","status":"publish","type":"page","link":"https:\/\/agoranum.parisnanterre.fr\/index.php\/formations-numeriques-partenaires\/","title":{"rendered":"Formations num\u00e9riques partenaires"},"content":{"rendered":"\n<h2 class=\"wp-block-heading\">Formations num\u00e9riques partenaires<\/h2>\n\n\n\n<p>Ces formations au num\u00e9rique sont dispens\u00e9es par des partenaires de l&rsquo;universit\u00e9 de Paris Nanterre. Elles sont gratuites sur inscriptions.<\/p>\n\n\n<style>.kb-row-layout-id7091_32ba8b-bc > .kt-row-column-wrap{align-content:start;}:where(.kb-row-layout-id7091_32ba8b-bc > .kt-row-column-wrap) > .wp-block-kadence-column{justify-content:start;}.kb-row-layout-id7091_32ba8b-bc > .kt-row-column-wrap{column-gap:var(--global-kb-gap-md, 2rem);row-gap:var(--global-kb-gap-md, 2rem);padding-top:var(--global-kb-spacing-sm, 1.5rem);padding-bottom:var(--global-kb-spacing-sm, 1.5rem);}.kb-row-layout-id7091_32ba8b-bc > .kt-row-column-wrap > div:not(.added-for-specificity){grid-column:initial;}.kb-row-layout-id7091_32ba8b-bc > .kt-row-column-wrap{grid-template-columns:repeat(3, minmax(0, 1fr));}.kb-row-layout-id7091_32ba8b-bc > .kt-row-layout-overlay{opacity:0.30;}@media all and (max-width: 1024px){.kb-row-layout-id7091_32ba8b-bc > .kt-row-column-wrap > div:not(.added-for-specificity){grid-column:initial;}}@media all and (max-width: 1024px){.kb-row-layout-id7091_32ba8b-bc > .kt-row-column-wrap{grid-template-columns:repeat(3, minmax(0, 1fr));}}@media all and (max-width: 767px){.kb-row-layout-id7091_32ba8b-bc > .kt-row-column-wrap > div:not(.added-for-specificity){grid-column:initial;}.kb-row-layout-id7091_32ba8b-bc > .kt-row-column-wrap{grid-template-columns:minmax(0, 1fr);}}<\/style><div class=\"kb-row-layout-wrap kb-row-layout-id7091_32ba8b-bc alignnone wp-block-kadence-rowlayout\"><div class=\"kt-row-column-wrap kt-has-3-columns kt-row-layout-equal kt-tab-layout-inherit kt-mobile-layout-row kt-row-valign-top\">\n<style>.kadence-column7091_af768b-3c > .kt-inside-inner-col,.kadence-column7091_af768b-3c > .kt-inside-inner-col:before{border-top-left-radius:0px;border-top-right-radius:0px;border-bottom-right-radius:0px;border-bottom-left-radius:0px;}.kadence-column7091_af768b-3c > .kt-inside-inner-col{column-gap:var(--global-kb-gap-sm, 1rem);}.kadence-column7091_af768b-3c > .kt-inside-inner-col{flex-direction:column;}.kadence-column7091_af768b-3c > .kt-inside-inner-col > .aligncenter{width:100%;}.kadence-column7091_af768b-3c > .kt-inside-inner-col:before{opacity:0.3;}.kadence-column7091_af768b-3c{position:relative;}@media all and (max-width: 1024px){.kadence-column7091_af768b-3c > .kt-inside-inner-col{flex-direction:column;justify-content:center;}}@media all and (max-width: 767px){.kadence-column7091_af768b-3c > .kt-inside-inner-col{flex-direction:column;justify-content:center;}}<\/style>\n<div class=\"wp-block-kadence-column kadence-column7091_af768b-3c\"><div class=\"kt-inside-inner-col\"><style>.wp-block-kadence-column.kb-section-dir-horizontal > .kt-inside-inner-col > .kt-info-box7091_74f39d-49 .kt-blocks-info-box-link-wrap{max-width:unset;}.kt-info-box7091_74f39d-49 .kt-blocks-info-box-link-wrap{border-top-left-radius:0px;border-top-right-radius:0px;border-bottom-right-radius:0px;border-bottom-left-radius:0px;background:#f2f2f2;padding-top:20px;padding-right:20px;padding-bottom:20px;padding-left:20px;}.kt-info-box7091_74f39d-49 .kt-blocks-info-box-link-wrap:hover{background:#f2f2f2;}.kt-info-box7091_74f39d-49 .kadence-info-box-icon-container .kt-info-svg-icon, .kt-info-box7091_74f39d-49 .kt-info-svg-icon-flip, .kt-info-box7091_74f39d-49 .kt-blocks-info-box-number{font-size:50px;}.kt-info-box7091_74f39d-49 .kt-blocks-info-box-media{color:var(--global-palette1, #3182CE);border-top-width:0px;border-right-width:0px;border-bottom-width:0px;border-left-width:0px;padding-top:10px;padding-right:10px;padding-bottom:10px;padding-left:10px;}.kt-info-box7091_74f39d-49 .kt-blocks-info-box-media-container{margin-top:0px;margin-right:15px;margin-bottom:0px;margin-left:15px;}.kt-info-box7091_74f39d-49 .kt-blocks-info-box-link-wrap:hover .kt-blocks-info-box-media{color:var(--global-palette1, #3182CE);}.kt-info-box7091_74f39d-49 .kt-infobox-textcontent h3.kt-blocks-info-box-title{color:var(--global-palette5, #4A5568);padding-top:0px;padding-right:0px;padding-bottom:0px;padding-left:0px;margin-top:5px;margin-right:0px;margin-bottom:10px;margin-left:0px;}.kt-info-box7091_74f39d-49 .kt-infobox-textcontent .kt-blocks-info-box-text{color:var(--global-palette5, #4A5568);}.kt-info-box7091_74f39d-49 .kt-blocks-info-box-learnmore{background:transparent;border-color:#555555;border-width:0px 0px 0px 0px;padding-top:4px;padding-right:8px;padding-bottom:4px;padding-left:8px;margin-top:10px;margin-right:0px;margin-bottom:10px;margin-left:0px;}.kt-info-box7091_74f39d-49 .kt-blocks-info-box-link-wrap:hover .kt-blocks-info-box-learnmore,.kt-info-box7091_74f39d-49 .kt-blocks-info-box-link-wrap .kt-blocks-info-box-learnmore:focus{color:#ffffff;background:#444444;border-color:#444444;}.kt-info-box7091_74f39d-49 .kt-blocks-info-box-link-wrap{box-shadow:0px 20px 33px 28px var(--global-palette7, #EDF2F7);}.kt-info-box7091_74f39d-49 .kt-blocks-info-box-link-wrap:hover{box-shadow:0px 0px 14px 0px rgba(0, 0, 0, 0.2);}@media all and (max-width: 1024px){.kt-info-box7091_74f39d-49 .kt-blocks-info-box-link-wrap{box-shadow:0px 20px 33px 28px var(--global-palette7, #EDF2F7);}}@media all and (max-width: 1024px){.kt-info-box7091_74f39d-49 .kt-blocks-info-box-link-wrap:hover{box-shadow:0px 0px 14px 0px rgba(0, 0, 0, 0.2);}}@media all and (max-width: 767px){.kt-info-box7091_74f39d-49 .kt-blocks-info-box-link-wrap{box-shadow:0px 20px 33px 28px var(--global-palette7, #EDF2F7);}.kt-info-box7091_74f39d-49 .kt-blocks-info-box-link-wrap:hover{box-shadow:0px 0px 14px 0px rgba(0, 0, 0, 0.2);}}<\/style>\n<div class=\"wp-block-kadence-infobox kt-info-box7091_74f39d-49\"><a class=\"kt-blocks-info-box-link-wrap info-box-link kt-blocks-info-box-media-align-top kt-info-halign-center\" target=\"_blank\" rel=\"noopener noreferrer\" href=\"https:\/\/sygefor.reseau-urfist.fr\/#\/program\/paris\"><div class=\"kt-blocks-info-box-media-container\"><div class=\"kt-blocks-info-box-media kt-info-media-animate-none\"><div class=\"kadence-info-box-icon-container kt-info-icon-animate-none\"><div class=\"kadence-info-box-icon-inner-container\"><span class=\"kb-svg-icon-wrap kb-svg-icon-fe_command kt-info-svg-icon\"><svg viewBox=\"0 0 24 24\"  fill=\"none\" stroke=\"currentColor\" stroke-width=\"2\" stroke-linecap=\"round\" stroke-linejoin=\"round\" xmlns=\"http:\/\/www.w3.org\/2000\/svg\"  aria-hidden=\"true\"><path d=\"M18 3a3 3 0 0 0-3 3v12a3 3 0 0 0 3 3 3 3 0 0 0 3-3 3 3 0 0 0-3-3H6a3 3 0 0 0-3 3 3 3 0 0 0 3 3 3 3 0 0 0 3-3V6a3 3 0 0 0-3-3 3 3 0 0 0-3 3 3 3 0 0 0 3 3h12a3 3 0 0 0 3-3 3 3 0 0 0-3-3z\"\/><\/svg><\/span><\/div><\/div><\/div><\/div><div class=\"kt-infobox-textcontent\"><h3 class=\"kt-blocks-info-box-title\">Formations URFIST<\/h3><p class=\"kt-blocks-info-box-text\">Les <strong>URFIST<\/strong> (Unit\u00e9 R\u00e9gionale de Formation \u00e0 l\u2019Information Scientifique et Technique) proposent des formations gratuites et en ligne relatives aux pratiques et aux \u00e9volutions de l\u2019information scientifique.<\/p><\/div><\/a><\/div>\n<\/div><\/div>\n\n\n<style>.kadence-column7091_458afa-6d > .kt-inside-inner-col,.kadence-column7091_458afa-6d > .kt-inside-inner-col:before{border-top-left-radius:0px;border-top-right-radius:0px;border-bottom-right-radius:0px;border-bottom-left-radius:0px;}.kadence-column7091_458afa-6d > .kt-inside-inner-col{column-gap:var(--global-kb-gap-sm, 1rem);}.kadence-column7091_458afa-6d > .kt-inside-inner-col{flex-direction:column;}.kadence-column7091_458afa-6d > .kt-inside-inner-col > .aligncenter{width:100%;}.kadence-column7091_458afa-6d > .kt-inside-inner-col:before{opacity:0.3;}.kadence-column7091_458afa-6d{position:relative;}@media all and (max-width: 1024px){.kadence-column7091_458afa-6d > .kt-inside-inner-col{flex-direction:column;justify-content:center;}}@media all and (max-width: 767px){.kadence-column7091_458afa-6d > .kt-inside-inner-col{flex-direction:column;justify-content:center;}}<\/style>\n<div class=\"wp-block-kadence-column kadence-column7091_458afa-6d\"><div class=\"kt-inside-inner-col\"><style>.wp-block-kadence-column.kb-section-dir-horizontal > .kt-inside-inner-col > .kt-info-box7091_98443a-01 .kt-blocks-info-box-link-wrap{max-width:unset;}.kt-info-box7091_98443a-01 .kt-blocks-info-box-link-wrap{border-top-left-radius:0px;border-top-right-radius:0px;border-bottom-right-radius:0px;border-bottom-left-radius:0px;background:#f2f2f2;padding-top:20px;padding-right:20px;padding-bottom:20px;padding-left:20px;}.kt-info-box7091_98443a-01 .kt-blocks-info-box-link-wrap:hover{background:#f2f2f2;}.kt-info-box7091_98443a-01 .kadence-info-box-icon-container .kt-info-svg-icon, .kt-info-box7091_98443a-01 .kt-info-svg-icon-flip, .kt-info-box7091_98443a-01 .kt-blocks-info-box-number{font-size:50px;}.kt-info-box7091_98443a-01 .kt-blocks-info-box-media{color:var(--global-palette1, #3182CE);border-top-width:0px;border-right-width:0px;border-bottom-width:0px;border-left-width:0px;padding-top:10px;padding-right:10px;padding-bottom:10px;padding-left:10px;}.kt-info-box7091_98443a-01 .kt-blocks-info-box-media-container{margin-top:0px;margin-right:15px;margin-bottom:0px;margin-left:15px;}.kt-info-box7091_98443a-01 .kt-blocks-info-box-link-wrap:hover .kt-blocks-info-box-media{color:var(--global-palette1, #3182CE);}.kt-info-box7091_98443a-01 .kt-infobox-textcontent h3.kt-blocks-info-box-title{color:var(--global-palette5, #4A5568);padding-top:0px;padding-right:0px;padding-bottom:0px;padding-left:0px;margin-top:5px;margin-right:0px;margin-bottom:10px;margin-left:0px;}.kt-info-box7091_98443a-01 .kt-infobox-textcontent .kt-blocks-info-box-text{color:var(--global-palette5, #4A5568);}.kt-info-box7091_98443a-01 .kt-blocks-info-box-learnmore{background:transparent;border-color:#555555;border-width:0px 0px 0px 0px;padding-top:4px;padding-right:8px;padding-bottom:4px;padding-left:8px;margin-top:10px;margin-right:0px;margin-bottom:10px;margin-left:0px;}.kt-info-box7091_98443a-01 .kt-blocks-info-box-link-wrap:hover .kt-blocks-info-box-learnmore,.kt-info-box7091_98443a-01 .kt-blocks-info-box-link-wrap .kt-blocks-info-box-learnmore:focus{color:#ffffff;background:#444444;border-color:#444444;}.kt-info-box7091_98443a-01 .kt-blocks-info-box-link-wrap{box-shadow:0px 20px 33px 28px var(--global-palette7, #EDF2F7);}.kt-info-box7091_98443a-01 .kt-blocks-info-box-link-wrap:hover{box-shadow:0px 0px 14px 0px rgba(0, 0, 0, 0.2);}@media all and (max-width: 1024px){.kt-info-box7091_98443a-01 .kt-blocks-info-box-link-wrap{box-shadow:0px 20px 33px 28px var(--global-palette7, #EDF2F7);}}@media all and (max-width: 1024px){.kt-info-box7091_98443a-01 .kt-blocks-info-box-link-wrap:hover{box-shadow:0px 0px 14px 0px rgba(0, 0, 0, 0.2);}}@media all and (max-width: 767px){.kt-info-box7091_98443a-01 .kt-blocks-info-box-link-wrap{box-shadow:0px 20px 33px 28px var(--global-palette7, #EDF2F7);}.kt-info-box7091_98443a-01 .kt-blocks-info-box-link-wrap:hover{box-shadow:0px 0px 14px 0px rgba(0, 0, 0, 0.2);}}<\/style>\n<div class=\"wp-block-kadence-infobox kt-info-box7091_98443a-01\"><a class=\"kt-blocks-info-box-link-wrap info-box-link kt-blocks-info-box-media-align-top kt-info-halign-center\" target=\"_blank\" rel=\"noopener noreferrer\" href=\"https:\/\/discovery.renater.fr\/renater\/?entityID=https%3A%2F%2Fformation.unif.eu%2Fshibboleth&amp;return=https%3A%2F%2Fformation.unif.eu%2FShibboleth.sso%2FDS%3FSAMLDS%3D1%26target%3Dcookie%253A1706694671_edc2\"><div class=\"kt-blocks-info-box-media-container\"><div class=\"kt-blocks-info-box-media kt-info-media-animate-none\"><div class=\"kadence-info-box-icon-container kt-info-icon-animate-none\"><div class=\"kadence-info-box-icon-inner-container\"><span class=\"kb-svg-icon-wrap kb-svg-icon-fe_aperture kt-info-svg-icon\"><svg viewBox=\"0 0 24 24\"  fill=\"none\" stroke=\"currentColor\" stroke-width=\"2\" stroke-linecap=\"round\" stroke-linejoin=\"round\" xmlns=\"http:\/\/www.w3.org\/2000\/svg\"  aria-hidden=\"true\"><circle cx=\"12\" cy=\"12\" r=\"10\"\/><line x1=\"14.31\" y1=\"8\" x2=\"20.05\" y2=\"17.94\"\/><line x1=\"9.69\" y1=\"8\" x2=\"21.17\" y2=\"8\"\/><line x1=\"7.38\" y1=\"12\" x2=\"13.12\" y2=\"2.06\"\/><line x1=\"9.69\" y1=\"16\" x2=\"3.95\" y2=\"6.06\"\/><line x1=\"14.31\" y1=\"16\" x2=\"2.83\" y2=\"16\"\/><line x1=\"16.62\" y1=\"12\" x2=\"10.88\" y2=\"21.94\"\/><\/svg><\/span><\/div><\/div><\/div><\/div><div class=\"kt-infobox-textcontent\"><h3 class=\"kt-blocks-info-box-title\">Formations UNIF<\/h3><p class=\"kt-blocks-info-box-text\">L\u2019UNIF (Universit\u00e9 Num\u00e9rique \u00cele-de-France) a pour objectif d\u2019\u00eatre une structure d\u2019am\u00e9nagement du Num\u00e9rique de l\u2019Enseignement Sup\u00e9rieur de la R\u00e9gion \u00cele-de-France.<br\/>\u00c0 la fois ancr\u00e9e dans le territoire r\u00e9gional et bien ins\u00e9r\u00e9e dans le milieu de l\u2019Enseignement Sup\u00e9rieur, elle est la seule structure \u00e0 disposer d\u2019une vision globale et transversale, de l\u2019ensemble des \u00e9tablissements de la r\u00e9gion dans le domaine du num\u00e9rique.<\/p><\/div><\/a><\/div>\n<\/div><\/div>\n\n\n<style>.kadence-column7091_996a65-8a > .kt-inside-inner-col,.kadence-column7091_996a65-8a > .kt-inside-inner-col:before{border-top-left-radius:0px;border-top-right-radius:0px;border-bottom-right-radius:0px;border-bottom-left-radius:0px;}.kadence-column7091_996a65-8a > .kt-inside-inner-col{column-gap:var(--global-kb-gap-sm, 1rem);}.kadence-column7091_996a65-8a > .kt-inside-inner-col{flex-direction:column;}.kadence-column7091_996a65-8a > .kt-inside-inner-col > .aligncenter{width:100%;}.kadence-column7091_996a65-8a > .kt-inside-inner-col:before{opacity:0.3;}.kadence-column7091_996a65-8a{position:relative;}@media all and (max-width: 1024px){.kadence-column7091_996a65-8a > .kt-inside-inner-col{flex-direction:column;justify-content:center;}}@media all and (max-width: 767px){.kadence-column7091_996a65-8a > .kt-inside-inner-col{flex-direction:column;justify-content:center;}}<\/style>\n<div class=\"wp-block-kadence-column kadence-column7091_996a65-8a\"><div class=\"kt-inside-inner-col\"><style>.wp-block-kadence-column.kb-section-dir-horizontal > .kt-inside-inner-col > .kt-info-box7091_a0a525-35 .kt-blocks-info-box-link-wrap{max-width:unset;}.kt-info-box7091_a0a525-35 .kt-blocks-info-box-link-wrap{border-top-left-radius:0px;border-top-right-radius:0px;border-bottom-right-radius:0px;border-bottom-left-radius:0px;background:#f2f2f2;padding-top:20px;padding-right:20px;padding-bottom:20px;padding-left:20px;}.kt-info-box7091_a0a525-35 .kt-blocks-info-box-link-wrap:hover{background:#f2f2f2;}.kt-info-box7091_a0a525-35 .kadence-info-box-icon-container .kt-info-svg-icon, .kt-info-box7091_a0a525-35 .kt-info-svg-icon-flip, .kt-info-box7091_a0a525-35 .kt-blocks-info-box-number{font-size:50px;}.kt-info-box7091_a0a525-35 .kt-blocks-info-box-media{color:var(--global-palette1, #3182CE);border-top-width:0px;border-right-width:0px;border-bottom-width:0px;border-left-width:0px;padding-top:10px;padding-right:10px;padding-bottom:10px;padding-left:10px;}.kt-info-box7091_a0a525-35 .kt-blocks-info-box-media-container{margin-top:0px;margin-right:15px;margin-bottom:0px;margin-left:15px;}.kt-info-box7091_a0a525-35 .kt-blocks-info-box-link-wrap:hover .kt-blocks-info-box-media{color:var(--global-palette1, #3182CE);}.kt-info-box7091_a0a525-35 .kt-infobox-textcontent h3.kt-blocks-info-box-title{color:var(--global-palette5, #4A5568);padding-top:0px;padding-right:0px;padding-bottom:0px;padding-left:0px;margin-top:5px;margin-right:0px;margin-bottom:10px;margin-left:0px;}.kt-info-box7091_a0a525-35 .kt-infobox-textcontent .kt-blocks-info-box-text{color:var(--global-palette5, #4A5568);}.kt-info-box7091_a0a525-35 .kt-blocks-info-box-learnmore{background:transparent;border-color:#555555;border-width:0px 0px 0px 0px;padding-top:4px;padding-right:8px;padding-bottom:4px;padding-left:8px;margin-top:10px;margin-right:0px;margin-bottom:10px;margin-left:0px;}.kt-info-box7091_a0a525-35 .kt-blocks-info-box-link-wrap:hover .kt-blocks-info-box-learnmore,.kt-info-box7091_a0a525-35 .kt-blocks-info-box-link-wrap .kt-blocks-info-box-learnmore:focus{color:#ffffff;background:#444444;border-color:#444444;}.kt-info-box7091_a0a525-35 .kt-blocks-info-box-link-wrap{box-shadow:0px 20px 33px 28px var(--global-palette7, #EDF2F7);}.kt-info-box7091_a0a525-35 .kt-blocks-info-box-link-wrap:hover{box-shadow:0px 0px 14px 0px rgba(0, 0, 0, 0.2);}@media all and (max-width: 1024px){.kt-info-box7091_a0a525-35 .kt-blocks-info-box-link-wrap{box-shadow:0px 20px 33px 28px var(--global-palette7, #EDF2F7);}}@media all and (max-width: 1024px){.kt-info-box7091_a0a525-35 .kt-blocks-info-box-link-wrap:hover{box-shadow:0px 0px 14px 0px rgba(0, 0, 0, 0.2);}}@media all and (max-width: 767px){.kt-info-box7091_a0a525-35 .kt-blocks-info-box-link-wrap{box-shadow:0px 20px 33px 28px var(--global-palette7, #EDF2F7);}.kt-info-box7091_a0a525-35 .kt-blocks-info-box-link-wrap:hover{box-shadow:0px 0px 14px 0px rgba(0, 0, 0, 0.2);}}<\/style>\n<div class=\"wp-block-kadence-infobox kt-info-box7091_a0a525-35\"><a class=\"kt-blocks-info-box-link-wrap info-box-link kt-blocks-info-box-media-align-top kt-info-halign-center\" target=\"_blank\" rel=\"noopener noreferrer\" href=\"https:\/\/www.fun-mooc.fr\/fr\/cours\/?limit=21&amp;offset=0\"><div class=\"kt-blocks-info-box-media-container\"><div class=\"kt-blocks-info-box-media kt-info-media-animate-none\"><div class=\"kadence-info-box-icon-container kt-info-icon-animate-none\"><div class=\"kadence-info-box-icon-inner-container\"><span class=\"kb-svg-icon-wrap kb-svg-icon-fe_flag kt-info-svg-icon\"><svg viewBox=\"0 0 24 24\"  fill=\"none\" stroke=\"currentColor\" stroke-width=\"2\" stroke-linecap=\"round\" stroke-linejoin=\"round\" xmlns=\"http:\/\/www.w3.org\/2000\/svg\"  aria-hidden=\"true\"><path d=\"M4 15s1-1 4-1 5 2 8 2 4-1 4-1V3s-1 1-4 1-5-2-8-2-4 1-4 1z\"\/><line x1=\"4\" y1=\"22\" x2=\"4\" y2=\"15\"\/><\/svg><\/span><\/div><\/div><\/div><\/div><div class=\"kt-infobox-textcontent\"><h3 class=\"kt-blocks-info-box-title\">Formations FUN (France Universit\u00e9 Num\u00e9rique)<\/h3><p class=\"kt-blocks-info-box-text\">France Universit\u00e9 Num\u00e9rique (FUN) vous propose des cours en ligne gratuits con\u00e7us et port\u00e9s par des Universit\u00e9s et des Grandes \u00e9coles, pour d\u00e9couvrir, apprendre et progresser. A l&rsquo;aide des filtres et mots-cl\u00e9s, vous trouverez de tr\u00e8s nombreuses formations et autoformations consacr\u00e9es aux outils num\u00e9riques et \u00e0 leur usage en p\u00e9dagogie comme en recherche. <\/p><\/div><\/a><\/div>\n<\/div><\/div>\n\n<\/div><\/div>","protected":false},"excerpt":{"rendered":"<p>Formations num\u00e9riques partenaires Ces formations au num\u00e9rique sont dispens\u00e9es par des partenaires de l&rsquo;universit\u00e9 de Paris Nanterre. Elles sont gratuites sur inscriptions.<\/p>\n","protected":false},"author":4,"featured_media":0,"parent":0,"menu_order":0,"comment_status":"closed","ping_status":"closed","template":"","meta":{"_kad_blocks_custom_css":"","_kad_blocks_head_custom_js":"","_kad_blocks_body_custom_js":"","_kad_blocks_footer_custom_js":"","_kadence_starter_templates_imported_post":false,"_kad_post_transparent":"","_kad_post_title":"","_kad_post_layout":"","_kad_post_sidebar_id":"","_kad_post_content_style":"","_kad_post_vertical_padding":"","_kad_post_feature":"","_kad_post_feature_position":"","_kad_post_header":false,"_kad_post_footer":false,"_kad_post_classname":"","footnotes":""},"class_list":["post-7091","page","type-page","status-publish","hentry"],"taxonomy_info":[],"featured_image_src_large":false,"author_info":{"display_name":"Ronan Meulnotte","author_link":"https:\/\/agoranum.parisnanterre.fr\/index.php\/author\/rmeulnot\/"},"comment_info":0,"_links":{"self":[{"href":"https:\/\/agoranum.parisnanterre.fr\/index.php\/wp-json\/wp\/v2\/pages\/7091","targetHints":{"allow":["GET"]}}],"collection":[{"href":"https:\/\/agoranum.parisnanterre.fr\/index.php\/wp-json\/wp\/v2\/pages"}],"about":[{"href":"https:\/\/agoranum.parisnanterre.fr\/index.php\/wp-json\/wp\/v2\/types\/page"}],"author":[{"embeddable":true,"href":"https:\/\/agoranum.parisnanterre.fr\/index.php\/wp-json\/wp\/v2\/users\/4"}],"replies":[{"embeddable":true,"href":"https:\/\/agoranum.parisnanterre.fr\/index.php\/wp-json\/wp\/v2\/comments?post=7091"}],"version-history":[{"count":2,"href":"https:\/\/agoranum.parisnanterre.fr\/index.php\/wp-json\/wp\/v2\/pages\/7091\/revisions"}],"predecessor-version":[{"id":7094,"href":"https:\/\/agoranum.parisnanterre.fr\/index.php\/wp-json\/wp\/v2\/pages\/7091\/revisions\/7094"}],"wp:attachment":[{"href":"https:\/\/agoranum.parisnanterre.fr\/index.php\/wp-json\/wp\/v2\/media?parent=7091"}],"curies":[{"name":"wp","href":"https:\/\/api.w.org\/{rel}","templated":true}]}}